et a be (4425/(-4) - -3)*(-1 - 3). Let g = -2252 + a. Is g a composite number?
False
Let f(z) = 1054*z + 27. Let p be f(3). Let r be (-3)/(-9) - 9778/(-6). Let d = p - r. Is d prime?
True
Suppose -x + 5 = 3*m, 4 + 4 = 5*x - 2*m. Suppose 57 + 11 = -x*n. Let l = n + 89. Is l composite?
True
Let o = 80720 - -42587. Is o composite?
False
Let w(f) = -47 - 7*f + 2*f**2 + 45 + f - f. Let c be w(4). Is c/4*(-17)/(17/(-298)) composite?
False
Suppose -7*p + 39492 = 754. Let m = -2523 + p. Is m a composite number?
False
Suppose 34*b = 39*b - 10. Suppose 41 = -w + 2*h + 262, 414 = b*w + 3*h. Is w prime?
False
Is 78554151/216 - (-48)/128 composite?
False
Is 84011/((-25)/75 - 8/(-6)) composite?
False
Is -6 - (18/3 + 55*-14863 - -2) composite?
True
Is (439448/(-12) - -1)*-3 a prime number?
True
Suppose -9*o = 338 - 2084. Let r = o - -327. Is r prime?
True
Suppose 91081 + 40175 = 36*d. Is d a prime number?
False
Suppose -11211 = -t + 1522. Suppose -5*y + t = 3*u - 3729, 5*u - 2*y - 27447 = 0. Is u a composite number?
True
Let k(v) = -577*v + 7. Is k(-96) composite?
False
Let h be (2556/2)/((-15)/(-50)). Let r = 10849 - h. Is r a composite number?
True
Let f = -195 - -200. Let o(z) = 35*z**3 + 5*z**2 + 4*z + 15. Is o(f) composite?
True
Suppose 18 = -r + 14, 0 = -4*g - r + 12. Suppose x - g*c = -381 + 6699, 5*x - 31642 = -6*c. Is x composite?
True
Let m(r) = r**3 - 4*r**2 + 6*r - 2. Let y be m(2). Suppose -2*t - 5*x = y*t + 7044, 5*t + 2*x + 8788 = 0. Is t/(-6) - (-16)/48 a composite number?
False
Let v be ((-288)/(-14))/(21/294). Is (-7279)/(-9) - (-64)/v composite?
False
Suppose -3*y - x + 270790 = 0, -27747 = -2*y - 3*x + 152782. Is y a composite number?
False
Let k be -3 + 1/(3/9). Suppose k = -8*d + 12*d + 4. Is d + ((-14)/63 - (-13288)/18) a composite number?
True
Let i be (7698/18 + 3)*15/10. Let h = i - -8631. Is h a composite number?
False
Let x(g) = -g**2 + 4*g + 14. Let u be x(6). Suppose 3*z - u = 13. Suppose 5*f + 327 = z*a + 7*f, 2*a - 4*f = 126. Is a prime?
False
Is (-6 - (-512422)/4) + ((-1)/(-2))/(-1) composite?
False
Suppose 2*f - 152 + 36 = 0. Let v = 58 - f. Suppose v = 4*p + 553 - 8957. Is p prime?
False
Let j(z) = -2*z**3 - z**2 + z. Let s(n) = 714*n**3 + 4*n**2 - 5*n - 7. Let p(i) = -2*j(i) + s(i). Is p(2) a composite number?
True
Suppose 6*w - n - 22 = w, -w + 5*n = -14. Is (-10)/4 - (39590/(-20) + w) a composite number?
False
Suppose -28 = -4*u + 4*m, 0*u - u = 2*m + 5. Suppose 4*l - 5*w = 4952 + 790, -4304 = -u*l + 5*w. Suppose l = 2*r - 1500. Is r composite?
True
Suppose -9 = 9*f - 36. Let m(u) = 973*u**2 - 33*u - 1. Is m(f) composite?
True
Let k = 132131 - 78568. Is k a prime number?
False
Suppose -5*n = -12*n - 91. Let g = n - -8. Is 1546/(g + 74/14) prime?
False
Suppose 69*d + 11670349 - 45420940 = 0. Is d a composite number?
True
Let o(v) = 57399*v + 14. Let n be o(1). Let b = n + -32896. Is b composite?
False
Suppose -33*w = -2*w - 547679 + 146136. Is w a composite number?
False
Let t be (-3 - 1/(-3))*18/(-8). Suppose 3*j - t*j = -3*i + 79995, -2*j + 106684 = 4*i. Is i a prime number?
True
Let s(m) = -3*m + 24. Let u(w) = -4*w + 24. Let d(y) = 6*s(y) - 5*u(y). Let v = 0 + 11. Is d(v) composite?
True
Suppose 7*l - 9*l = -10. Is (2/l)/(66/1291785) prime?
True
Suppose -k - 4*f + 36 = -0*k, -2*f = -k + 6. Let a be (65/(-130))/(1/6). Let t = a + k. Is t prime?
True
Suppose -2*o + 2*m = -17876, 2*o - 17885 = -47*m + 46*m. Is o a composite number?
False
Suppose 0*l + 2298 = l. Let j(f) = -167*f + 1058. Let s be j(-11). Suppose -4*k + l = 2*m, -2*k - 3*k = -2*m - s. Is k a prime number?
True
Let i(g) = g. Let m(v) = 5*v - 17. Let p(k) = -2*i(k) + m(k). Let o be p(-5). Let u = o - -103. Is u a composite number?
False
Suppose 101*h = 100*h + 44. Is 1*1389 - h/11 a prime number?
False
Suppose 84*d - 19*d - 5*d = 12055260. Is d a composite number?
True
Let g be 3/6 - 41/(-2). Let q = 25 - g. Suppose q*r = 2284 + 256. Is r prime?
False
Is 580/(-8)*26328/(-60) prime?
False
Suppose -4*d + 2*d - 3*g - 8 = 0, 9 = -5*d - 2*g. Let i be (-5 - -2) + d - -2. Is (3506/(-3))/(i*3/27) composite?
True
Let j(z) = -30*z**3 + 40*z**2 + 91*z + 141. Is j(-26) a composite number?
True
Let o = -87 + 102. Suppose -3*g - 3*u = -5844, 2*u = -u + o. Is g prime?
False
Suppose 10*r - 3450040 = -30*r. Is r a prime number?
False
Suppose -4*z = -3*v - 31, 2*v - 6*v + 5*z - 41 = 0. Let k be 2/(-12)*v + (-1)/2. Is -1657*k/(3 - (-8)/(-2)) composite?
False
Let j be (8/12)/((-2)/(-48423)). Let g = -7982 + j. Is g a prime number?
False
Let r(o) = 2*o**3 - 17*o**2 + 11*o - 29. Let g be -5 + 3 + 4 - (7 + -16). Is r(g) prime?
False
Let r(i) = -471*i**3 + 8*i**2 - 10*i - 20. Let h be r(-6). Let y = h - 62771. Is y composite?
False
Let d(l) = 14329*l + 2470. Is d(15) a composite number?
True
Suppose 2*s = -i - 109, 3*s + 9*i - 6*i + 156 = 0. Let y = s + 59. Suppose 0 = 4*n + 3*a - 7042, -5*n + 9934 = y*a + 1135. Is n a composite number?
False
Let s = -25 - -3726. Suppose -4*m - s = -10441. Is m a prime number?
False
Is (-21)/(-3) + 1286 + -11 composite?
True
Let r be 309/6*-2 - -2. Suppose 3*g + 5*j = -10, 4*g = 2*g + 3*j - 32. Let k = g - r. Is k prime?
False
Let v be (-23 + -4)*1 - 1. Is (-12516)/v - (-4 + (-4)/(-2)) a composite number?
False
Let m(d) = -4*d**3 - 4*d**2 + 2*d - 3944. Let g(l) = -3*l**3 - 3*l**2 + l - 3945. Let n(u) = -3*g(u) + 2*m(u). Is n(0) composite?
False
Let f = 31681 + -18882. Is f prime?
True
Suppose -415882 = 42*v - 1457440. Is v a composite number?
False
Suppose 38 = -13*r + 77. Is -348 - -351 - 3/(r/(-23968)) composite?
False
Suppose -4*i = -4*m + 18 - 6, -5*i + 25 = 3*m. Suppose 3*j + 0*j = m*a - 27880, 2*a - 11153 = j. Is a a composite number?
True
Let r be 14 - -5 - 3 - -3. Suppose -24*b + 8795 = -r*b. Is b composite?
False
Let v = -45 - -42. Let w = v + 42. Suppose -2153 = -w*m + 38*m. Is m a composite number?
False
Is ((-1)/3)/((-1)/(-21)) + (965645 - -1) composite?
False
Let c = 17 + 136. Suppose 2 = -p - 0, -5*j = -3*p - 426. Let k = c - j. Is k a prime number?
False
Let b(r) = -23369*r + 10427. Is b(-16) a prime number?
True
Let k(v) = -45*v**3 - 7*v**2 + 11*v - 10. Let g be k(4). Let c = 5615 + g. Is c composite?
False
Let b(q) = q**2 - 11*q + 3. Suppose 0 = 2*n - t - 21, 4*n - t + 15 = 60. Let d be b(n). Suppose -3*s + 0*s = 3*y - 1344, d = 3*y. Is s a prime number?
True
Let i(z) = -3*z**2 + z + 2. Let b be i(-4). Let l = b - -39. Let n(v) = -59*v - 18. Is n(l) prime?
True
Let d(g) = -g**3 + 14*g**2 - 26*g + 109. Let m be d(12). Suppose 0 = 4*i - 3*t - 313, 3*i + 0*i - 4*t - 226 = 0. Let z = m - i. Is z composite?
False
Let i = -116076 + 231362. Suppose -12*v + i - 12434 = 0. Is v a composite number?
True
Suppose 0 = -3*j - 4*f + 11, 3*j - 4*f - 17 = -2*f. Suppose j*m = 9822 + 3773. Is m composite?
False
Let o(m) = -m**2 + 12*m - 12. Let v be o(11). Is (-12 - v)/((-1)/179) prime?
False
Suppose 23*b + 3234748 = 67*b. Is b a prime number?
True
Let w = 63 - 50. Suppose 0 = w*l - 0*l - 43823. Is l composite?
False
Let r(l) = -11*l**3 + 12*l**2 + 15*l + 23. Let o be r(-8). Suppose 8*n - o = 22825. Is n a prime number?
False
Suppose -2*t - 5 - 1 = 0, 0 = -2*f + 3*t + 37421. Suppose 3*w = f + 23663. Is w a composite number?
True
Suppose 60 = r + p, 2*r - 243 = -2*r - p. Let k = r - 46. Suppose k*o = 14*o + 4001. Is o prime?
True
Suppose -4*r - 7 - 1 = 2*f, -3*f = 12. Suppose -3*w - 7*t + 2*t + 16074 = r, 5*t = 15. Is w composite?
True
Let z(y) = 2567*y + 1136. Is z(5) a composite number?
True
Let c = -31 - -45. Let f = c - 10. Suppose -f*a + 2933 = 3*a. Is a a composite number?
False
Let s(u) = u**3 - 48*u**2 + 53*u + 83. Is s(51) prime?
True
Suppose i + 3*i - 9 = 3*x, 0 = -4*i + 5*x + 15. Suppose -27 + 12 = -5*m. Suppose m*g - 52 - 62 = i. Is g a composite number?
True
Suppose -25*v = 1016501 - 4168476. Is v prime?
True
Let h(m) = -3*m**2 + 63*m + 11. Let t be h(21). Suppose t*n - 735 - 24928 = 0. Is n prime?
True
Let m be (-51)/15 - 2/(-5) - -36. Let l = m + -28. Suppose 0 = -l*x + 2*x + 4893. Is x composite?
True
Suppose 0 = 47*t - 7*t - 880. Suppose 0 = -t*d + 2102 + 17192. Is d a composite number?
False
Suppose 0 + 20 = 4*z + 5*n, -2*n + 8 = z. Suppose -13*l + 10325 + 8850 = 0. Suppose 5*h = -z*h + l. Is h a composite number?
True
Let n(j) 